common divisor of b and 90?
18
Let z(v) = -28*v + 38. Let n = 143 + -163. Let c be z(n). What is the greatest common divisor of 26 and c?
26
Let b be (2 - (-2 - -3))*4*147/28. Suppose -v = -7*k + 2*k - 18, -4*v + 3*k = -106. What is the greatest common divisor of b and v?
7
Let k(h) = -240*h - 1668. Let n be k(-7). Calculate the highest common factor of 2187 and n.
3
Let r be (-3 - -8 - -61)*(-56)/(-42). Calculate the highest common factor of 22 and r.
22
Let h(j) = 4*j**3 + 5*j**2 - 41*j + 185. Let v be h(5). Calculate the greatest common divisor of v and 15.
5
Suppose -z + 3*z = 7*z. Suppose z = -14*g + 1022 + 308. Calculate the greatest common factor of 5 and g.
5
Suppose -37 = -5*k - 7, -5*g - 5*k = -11290. Calculate the greatest common divisor of 4 and g.
4
Suppose -61*i + 57*i = 2208. Let y be ((-6)/(-9))/((-2)/i). What is the greatest common divisor of 46 and y?
46
Let f be 0 - (-6 + 9/(-3)). Suppose 8*x + 2 = f*x. Suppose -5*m = 5*b - 60, -b = -x*m + 36 - 12. Calculate the greatest common divisor of 24 and m.
12
Let t be 925 + -19 + 6 + -21. What is the highest common divisor of 1881 and t?
99
Let x be (3/(-2)*-2)/((-25)/(-75)). Let m be (-6)/(18/x) + 5. What is the greatest common divisor of m and 32?
2
Let v = 257864 - 257842. Let l be (-2)/3 + 4/6. Suppose -4*z + l*z + 704 = 0. What is the highest common factor of v and z?
22
Let i = 48 - 14. Suppose 13 - 28 = -5*p. Suppose -4*h + p*o = 2*o - 339, 422 = 5*h - 3*o. Calculate the highest common factor of i and h.
17
Let g be ((-1020)/17)/(6/8). Let m = g - -157. What is the highest common divisor of 11 and m?
11
Suppose -3*k - 2*r + 4764 = 0, 18*k + 5*r = 16*k + 3198. Calculate the highest common divisor of k and 231.
33
Let x be (-12)/(-1)*27/4. Suppose 287*l - 8515 = -186*l + 4256. Calculate the highest common factor of l and x.
27
Let d be 98/10 + 1/5. Let r be -1*(-15 - -6) - -49. Suppose 10*o - r*o = -480. Calculate the highest common factor of d and o.
10
Suppose 4*y + 5976 = 5*s, y = -36*s + 34*s + 2406. What is the highest common factor of s and 75?
75
Let l(p) = -76*p + 437. Let t be l(-2). Calculate the greatest common factor of 19 and t.
19
Let x be 304*-3*((-224)/(-1456) - 17/26). Calculate the highest common factor of x and 288.
24
Suppose -3223 = -5*s - 2*t - 538, -5*t = -3*s + 1642. Let k(u) = -u**3 + 5*u**2 + 15*u + 1. Let m be k(4). What is the greatest common factor of m and s?
77
Suppose 45*b + 180 = 50*b - 4*n, -3*b = -5*n - 95. What is the greatest common divisor of b and 4840?
40
Suppose 0 = 5*s + 20, 3229 = 5*f + 995*s - 996*s. Calculate the highest common divisor of 60 and f.
15
Let q = 14538 + -13874. Calculate the greatest common factor of 104 and q.
8
Suppose -7 = -2*a + 13. Let h be (1*13)/(9 + (-85)/a). What is the greatest common factor of h and 65?
13
Let m(o) = 212*o - 1731. Let q be m(9). What is the greatest common factor of 5133 and q?
177
Let w = -9307 + 9317. Let y = 2 - 2. Suppose 3*q = -y*q + 30. Calculate the greatest common factor of q and w.
10
Let c be (-4)/(-14) + (-2348)/(-14). Suppose 671*u + 2833 - 16787 = 137. What is the greatest common divisor of c and u?
21
Suppose -2709 + 405 = -24*y. What is the greatest common factor of 6176 and y?
32
Let q(c) = -9*c - 147. Let d be q(-26). What is the greatest common divisor of d and 21?
3
Suppose 45 = -2*t + 3*t. Let d be (-395)/158*1/(2/(-12)). What is the greatest common divisor of t and d?
15
Let b = 76 - 72. Let a be b/5 - 596/(-5). What is the greatest common divisor of a and 80?
40
Let g(c) = -150*c + 73. Let n be g(2). Let q = n + 228. What is the greatest common divisor of 8 and q?
1
Let r(x) be the third derivative of -x**5/60 + 7*x**4/24 + x**3/3 + 2*x**2 + 22. Let l be r(3). What is the highest common factor of 322 and l?
14
Let l(w) = 5*w**2 + 50*w - 1. Let q be l(-14). What is the greatest common divisor of 4464 and q?
279
Let h = 24 - 18. Let q be 91/(-4) - h/(120/5). Let y = q + 37. Calculate the highest common factor of y and 14.
14
Let n be (-10)/(-4)*(77 - -3). Suppose -98*d + n = -73*d. What is the greatest common divisor of 12 and d?
4
Let t be 21696/58 - 254/3683. What is the greatest common factor of t and 6919?
187
Suppose -p + 13 - 8 + 7 = 0. What is the highest common divisor of p and 69?
3
Let w = 60 + -119. Let t = -70 - w. Let r be ((-2)/4*t)/((-1)/(-6)). What is the greatest common factor of r and 3?
3
Suppose 4*v = -11 - 1, 2*f - 3*v = 1. Let x be f/6 - (-934)/6. Let o = 56941 - 56879. What is the greatest common divisor of o and x?
31
Let y = 3538 + -3272. Calculate the greatest common divisor of 742 and y.
14
Let u be (4353/(-4) + 7)/((-6)/24). Calculate the greatest common factor of 25 and u.
25
Let o(p) = 45*p**2 + p + 1. Let r be o(-1). Let g be ((-7 + 22)*4/(-12) - -7) + 16. What is the highest common factor of g and r?
9
Suppose -5*d = 82 - 12. Let z be (-8370)/25*35/d. Calculate the highest common factor of z and 27.
27
Let w = -5829 - -6466. What is the highest common factor of 65 and w?
13
Suppose 54*q + 36 = 96 + 48. What is the greatest common factor of q and 32?
2
Suppose 10*a = 272 - 112. What is the greatest common factor of a and 344?
8
Suppose -67*i - 21546 = -193*i. Suppose -5*d - 11 = -z + 19, 4*d = 2*z - 30. Let s = 4 + z. Calculate the highest common divisor of s and i.
9
Let q = -6456 - -6462. Let h = -187 - -337. Calculate the greatest common divisor of q and h.
6
Suppose -3*g = 2*c - 7681, -2*c = -4*g + 3600 + 6646. What is the highest common divisor of g and 26?
13
Let o(p) = 197*p + 458. Let t be o(-1). Calculate the greatest common divisor of 435 and t.
87
Suppose -1032 = 7*v - 31*v. Suppose 8*c - v = 709. What is the greatest common factor of 282 and c?
94
Suppose 2*p = -18*j + 1956, -5*p - 25 + 379 = 3*j. Calculate the highest common divisor of 7938 and j.
54
Let b = 15674 + -8982. Calculate the greatest common divisor of 14 and b.
14
Let a = -5494 - -5540. Calculate the highest common divisor of 1518 and a.
46
Let v be (-6)/(-9)*(-22)/4*-3. Suppose y - 3 = -3*o, -4*o + v = -2*y - 3. Let p = o - -28. What is the highest common divisor of p and 10?
10
Let b be (1 - 143)*(-207 + 205). What is the highest common divisor of 3550 and b?
142
Suppose -3*a - 3*p + 208 - 28 = 0, -4*a = 3*p - 240. Let u(j) = 22 + 0*j + 2*j + 2*j - j. Let g be u(6). What is the highest common divisor of g and a?
20
Let z = 35839 - 35727. Calculate the greatest common factor of z and 20888.
56
Let w be 34 - 2 - (-20)/(-4). Suppose 33*k = w*k + 120. Calculate the greatest common factor of 270 and k.
10
Let x(z) = -6 - 7 + 41*z + 19*z + 5. Let b be x(6). Let f(l) = 27*l + 71. Let o be f(-1). Calculate the highest common factor of o and b.
44
Let u(v) = v**2 - 20*v - 6. Let i be u(30). What is the greatest common factor of 504 and i?
42
Suppose 16*o - 50*o = 78*o - 125216. What is the highest common divisor of 286 and o?
26
Let k = -4341 + 4357. What is the greatest common factor of k and 1016?
8
Let w = -9563 + 17382. Calculate the greatest common divisor of w and 28.
7
Suppose 66*n - 2039 = 1129. Let w(z) = 5*z**3 - 3*z**2 + 2*z. Let y be w(2). Calculate the greatest common factor of n and y.
16
Let x = -13991 + 14031. Calculate the greatest common factor of 10060 and x.
20
Let f be (-2)/(-5) + 1872/120. Suppose -2*p - 10 + f = 0. Calculate the highest common divisor of p and 4.
1
Let f(y) = -y**3 + 7*y**2 - 13*y + 17. Let q be f(5). Let x = -1516 + 1527. What is the greatest common factor of q and x?
1
Let n = -370 + 451. Suppose -20*v + 59 = -n. Calculate the highest common factor of 7 and v.
7
Let w be (15/15 + 0 + 2)*-111. Let o be (-4 + (-9)/((-81)/30))*w. What is the greatest common divisor of o and 37?
37
Let k be -1 + (-672)/(-15) + 24/(-30). Let t = -447 - -533. What is the greatest common divisor of t and k?
43
Let u(o) = -o**2 + 304. Let t be u(16). Let k = 1299 + -867. Calculate the highest common factor of t and k.
48
Let k = 52 + -49. Suppose -3*j - 12 = -5*q, 0 = k*j - 7*q + 6*q. Suppose -3 - j = -2*g. Calculate the greatest common divisor of 3 and g.
1
Suppose 21 = 4*r + 2*l + 9, 6 = 2*r + 4*l. Let w = -4 - -1. Let n(c) = -c**3 + 2*c + 3. Let s be n(w). Calculate the greatest common factor of r and s.
3
Suppose -81*d = -8187 - 84396. Calculate the